{"id":4,"date":"2014-03-19T09:45:26","date_gmt":"2014-03-19T07:45:26","guid":{"rendered":"http:\/\/www.kindergruppe-feenzauber.at\/?page_id=4"},"modified":"2025-05-25T15:01:31","modified_gmt":"2025-05-25T13:01:31","slug":"startseite","status":"publish","type":"page","link":"https:\/\/kindergruppe-feenzauber.at\/","title":{"rendered":"Den Kindern Zeit geben f\u00fcr eine freie Entwicklung"},"content":{"rendered":"<h3>Herzlich Willkommen in unserer Kleinkindergruppe!<\/h3>\n<p>Bei uns werden 12 Kinder im Alter von 1-3,5 Jahren von 3 P\u00e4dagoginnen betreut.<\/p>\n<p><span style=\"color: #000000;\"><strong>Ab September 2025 gibt es noch 2 freie Pl\u00e4tze!<\/strong><\/span><\/p>\n<p>Wir freuen uns auf ein pers\u00f6nliches Kennenlernen bei einem Besuch vor Ort.<\/p>\n<p>Kontaktaufnahme per Email oder telefonisch:<\/p>\n<p><a href=\"mailto:office@kindergruppe-feenzauber.at\">\u00a0office@kindergruppe-feenzauber.at<\/a><\/p>\n<p style=\"text-align: left;\">+43 660 3936060<\/p>\n<p style=\"text-align: left;\">\n","protected":false},"excerpt":{"rendered":"<p>Herzlich Willkommen in unserer Kleinkindergruppe! Bei uns werden 12 Kinder im Alter von 1-3,5 Jahren von 3 P\u00e4dagoginnen betreut. Ab September 2025 gibt es noch 2 freie Pl\u00e4tze! Wir freuen uns auf ein pers\u00f6nliches Kennenlernen bei einem Besuch vor Ort. Kontaktaufnahme per Email oder telefonisch: \u00a0office@kindergruppe-feenzauber.at +43 660 3936060<\/p>\n","protected":false},"author":1001002,"featured_media":0,"parent":0,"menu_order":0,"comment_status":"closed","ping_status":"closed","template":"","meta":{"footnotes":""},"class_list":["post-4","page","type-page","status-publish","hentry"],"_links":{"self":[{"href":"https:\/\/kindergruppe-feenzauber.at\/index.php?rest_route=\/wp\/v2\/pages\/4","targetHints":{"allow":["GET"]}}],"collection":[{"href":"https:\/\/kindergruppe-feenzauber.at\/index.php?rest_route=\/wp\/v2\/pages"}],"about":[{"href":"https:\/\/kindergruppe-feenzauber.at\/index.php?rest_route=\/wp\/v2\/types\/page"}],"author":[{"embeddable":true,"href":"https:\/\/kindergruppe-feenzauber.at\/index.php?rest_route=\/wp\/v2\/users\/1001002"}],"replies":[{"embeddable":true,"href":"https:\/\/kindergruppe-feenzauber.at\/index.php?rest_route=%2Fwp%2Fv2%2Fcomments&post=4"}],"version-history":[{"count":56,"href":"https:\/\/kindergruppe-feenzauber.at\/index.php?rest_route=\/wp\/v2\/pages\/4\/revisions"}],"predecessor-version":[{"id":738,"href":"https:\/\/kindergruppe-feenzauber.at\/index.php?rest_route=\/wp\/v2\/pages\/4\/revisions\/738"}],"wp:attachment":[{"href":"https:\/\/kindergruppe-feenzauber.at\/index.php?rest_route=%2Fwp%2Fv2%2Fmedia&parent=4"}],"curies":[{"name":"wp","href":"https:\/\/api.w.org\/{rel}","templated":true}]}}